{"version":"1.0","provider_name":"Maquillaje de Gala","provider_url":"https:\/\/www.maquillajedegala.com\/blog","author_name":"Maquillaje de Gala","author_url":"https:\/\/www.maquillajedegala.com\/blog\/author\/maquillaje-de-gala\/","title":"Maquillaje de Macarena","type":"rich","width":600,"height":338,"html":"<blockquote class=\"wp-embedded-content\"><a href=\"https:\/\/www.maquillajedegala.com\/blog\/maquillaje-de-macarena-roca\/\">Maquillaje de Macarena<\/a><\/blockquote>\n<script type='text\/javascript'>\n<!--\/\/--><![CDATA[\/\/><!--\n\t\t!function(d,l){\"use strict\";var e=!1,n=!1;if(l.querySelector)if(d.addEventListener)e=!0;if(d.wp=d.wp||{},!d.wp.receiveEmbedMessage)if(d.wp.receiveEmbedMessage=function(e){var t=e.data;if(t)if(t.secret||t.message||t.value)if(!\/[^a-zA-Z0-9]\/.test(t.secret)){for(var r,i,a,s=l.querySelectorAll('iframe[data-secret=\"'+t.secret+'\"]'),n=l.querySelectorAll('blockquote[data-secret=\"'+t.secret+'\"]'),o=new RegExp(\"^https?:$\",\"i\"),c=0;c<n.length;c++)n[c].style.display=\"none\";for(c=0;c<s.length;c++)if(r=s[c],e.source===r.contentWindow){if(r.removeAttribute(\"style\"),\"height\"===t.message){if(1e3<(a=parseInt(t.value,10)))a=1e3;else if(~~a<200)a=200;r.height=a}if(\"link\"===t.message)if(i=l.createElement(\"a\"),a=l.createElement(\"a\"),i.href=r.getAttribute(\"src\"),a.href=t.value,o.test(a.protocol))if(a.host===i.host)if(l.activeElement===r)d.top.location.href=t.value}}},e)d.addEventListener(\"message\",d.wp.receiveEmbedMessage,!1),l.addEventListener(\"DOMContentLoaded\",t,!1),d.addEventListener(\"load\",t,!1);function t(){if(!n){n=!0;for(var e,t,r=-1!==navigator.appVersion.indexOf(\"MSIE 10\"),i=!!navigator.userAgent.match(\/Trident.*rv:11\\.\/),a=l.querySelectorAll(\"iframe.wp-embedded-content\"),s=0;s<a.length;s++){if(!(e=a[s]).getAttribute(\"data-secret\"))t=Math.random().toString(36).substr(2,10),e.src+=\"#?secret=\"+t,e.setAttribute(\"data-secret\",t);if(r||i)(t=e.cloneNode(!0)).removeAttribute(\"security\"),e.parentNode.replaceChild(t,e)}}}}(window,document);\n\/\/--><!]]>\n<\/script><iframe sandbox=\"allow-scripts\" security=\"restricted\" src=\"https:\/\/www.maquillajedegala.com\/blog\/maquillaje-de-macarena-roca\/embed\/\" width=\"600\" height=\"338\" title=\"&#171;Maquillaje de Macarena&#187; &#8212; Maquillaje de Gala\" frameborder=\"0\" marginwidth=\"0\" marginheight=\"0\" scrolling=\"no\" class=\"wp-embedded-content\"><\/iframe>","thumbnail_url":"https:\/\/www.maquillajedegala.com\/blog\/wp-content\/uploads\/2015\/06\/maquillaje-macarena-thumb.jpg","thumbnail_width":560,"thumbnail_height":420,"description":"Junio se nos escapa de las manos, hoy lunes empezamos la semana tachando en el calendario el pen\u00faltimo d\u00eda del mes. Cada d\u00eda es importante, pero hay jornadas que se nos graban en el alma. Para Macarena, el viernes fue uno de esos d\u00edas para recordar, pues su hermano D\u00e1maso se cas\u00f3. Acompa\u00f1arla en esas [&hellip;]"}

Junio se nos escapa de las manos, hoy lunes empezamos la semana tachando en el calendario el penúltimo día del mes. Cada día es importante, pero hay jornadas que se nos graban en el alma. Para Macarena, el viernes fue uno de esos días para recordar, pues su hermano Dámaso se casó. Acompañarla en esas [&hellip;]
